{"id":26,"date":"2025-03-21T16:20:36","date_gmt":"2025-03-21T16:20:36","guid":{"rendered":"https:\/\/nuevolabea.criba.edu.ar\/?page_id=26"},"modified":"2025-03-21T16:21:25","modified_gmt":"2025-03-21T16:21:25","slug":"docencia-y-extension","status":"publish","type":"page","link":"https:\/\/nuevolabea.criba.edu.ar\/?page_id=26","title":{"rendered":"Docencia y Extensi\u00f3n"},"content":{"rendered":"\t\t<div data-elementor-type=\"wp-page\" data-elementor-id=\"26\" class=\"elementor elementor-26\">\n\t\t\t\t<div class=\"elementor-element elementor-element-a7f3c4f e-flex e-con-boxed e-con e-parent\" data-id=\"a7f3c4f\" data-element_type=\"container\">\n\t\t\t\t\t<div class=\"e-con-inner\">\n\t\t\t\t<div class=\"elementor-element elementor-element-3222370 elementor-widget elementor-widget-text-editor\" data-id=\"3222370\" data-element_type=\"widget\" data-widget_type=\"text-editor.default\">\n\t\t\t\t<div class=\"elementor-widget-container\">\n\t\t\t\t\t\t\t\t\t<p>La incorporaci\u00f3n de la apicultura como campo de inter\u00e9s del <a href=\"http:\/\/www.servicios.uns.edu.ar\/institucion\/deptos\/rep_home.asp?cod_entidad=1\" target=\"_blank\" rel=\"noopener\">Departamento de Agronom\u00eda<\/a>\u00a0de la UNS se ha visto plasmada en el dictado de la materia Apicultura, como asignatura optativa del Ciclo Profesional de la carrera de Ingenier\u00eda Agron\u00f3mica, como as\u00ed tambi\u00e9n del dictado de cursos de actualizaci\u00f3n y postgrado para profesionales. Su capacidad acad\u00e9mica, junto a su posici\u00f3n geogr\u00e1fica en la principal regi\u00f3n productora de miel del pa\u00eds, han sido las bases sobre las que se cre\u00f3, en el a\u00f1o 2003, la carrera de\u00a0<a href=\"http:\/\/www.uns.edu.ar\/departamentos\/carreras_grd\/plan.asp?dependen=00001&amp;carrera=00151\" target=\"_blank\" rel=\"noopener\">T\u00e9cnico Universitario Ap\u00edcola<\/a><\/p><p>En cuanto al dictado de cursos de posgrado, varios integrantes del LabEA han dictado o han colaborado en los siguientes: \u201cMelisopalinolog\u00eda\u201d, \u201cImportancia y medici\u00f3n del color en productos agroalimentarios\u201d, \u201cT\u00f3picos avanzados de Entomolog\u00eda aplicada con \u00e9nfasis en Apicultura\u201d, \u201cActuopalinolog\u00eda. Principios b\u00e1sicos y aplicaciones\u201d, \u201cTecnolog\u00eda de la producci\u00f3n primaria de Alimentos. M\u00f3dulo de producci\u00f3n y calidad de miel\u201d, \u201cIV Curso b\u00e1sico de Palinolog\u00eda aplicada a la tipificaci\u00f3n de mieles\u201d y \u201cIII Curso b\u00e1sico de Palinolog\u00eda aplicada a la tipificaci\u00f3n de Mieles\u201d.<\/p><p>Las actividades desarrolladas desde el LabEA relativas a extensi\u00f3n y vinculaci\u00f3n contribuyeron a articular las acciones de numerosas instituciones con los actores del complejo productivo y a capacitarlos. Por su parte, la EEA INTA Bordenave tuvo un papel sustancial en la constituci\u00f3n de la trama ap\u00edcola en la regi\u00f3n, en la que aproximadamente el 60% de los productores est\u00e1n actualmente involucrados. Se ha generado un espacio propicio para el intercambio de experiencias y conocimientos entre los distintos actores de la cadena ap\u00edcola, acortando la brecha tecnol\u00f3gica entre la investigaci\u00f3n y la producci\u00f3n.<\/p>\t\t\t\t\t\t\t\t<\/div>\n\t\t\t\t<\/div>\n\t\t\t\t\t<\/div>\n\t\t\t\t<\/div>\n\t\t\t\t<\/div>\n\t\t","protected":false},"excerpt":{"rendered":"<p>La incorporaci\u00f3n de la apicultura como campo de inter\u00e9s del Departamento de Agronom\u00eda\u00a0de la UNS se ha visto plasmada en [&hellip;]<\/p>\n","protected":false},"author":1,"featured_media":0,"parent":0,"menu_order":0,"comment_status":"closed","ping_status":"closed","template":"","meta":{"site-sidebar-layout":"no-sidebar","site-content-layout":"","ast-site-content-layout":"full-width-container","site-content-style":"default","site-sidebar-style":"default","ast-global-header-display":"","ast-banner-title-visibility":"","ast-main-header-display":"","ast-hfb-above-header-display":"","ast-hfb-below-header-display":"","ast-hfb-mobile-header-display":"","site-post-title":"disabled","ast-breadcrumbs-content":"","ast-featured-img":"disabled","footer-sml-layout":"","theme-transparent-header-meta":"","adv-header-id-meta":"","stick-header-meta":"","header-above-stick-meta":"","header-main-stick-meta":"","header-below-stick-meta":"","astra-migrate-meta-layouts":"default","ast-page-background-enabled":"default","ast-page-background-meta":{"desktop":{"background-color":"var(--ast-global-color-5)","background-image":"","background-repeat":"repeat","background-position":"center center","background-size":"auto","background-attachment":"scroll","background-type":"","background-media":"","overlay-type":"","overlay-color":"","overlay-opacity":"","overlay-gradient":""},"tablet":{"background-color":"","background-image":"","background-repeat":"repeat","background-position":"center center","background-size":"auto","background-attachment":"scroll","background-type":"","background-media":"","overlay-type":"","overlay-color":"","overlay-opacity":"","overlay-gradient":""},"mobile":{"background-color":"","background-image":"","background-repeat":"repeat","background-position":"center center","background-size":"auto","background-attachment":"scroll","background-type":"","background-media":"","overlay-type":"","overlay-color":"","overlay-opacity":"","overlay-gradient":""}},"ast-content-background-meta":{"desktop":{"background-color":"var(--ast-global-color-4)","background-image":"","background-repeat":"repeat","background-position":"center center","background-size":"auto","background-attachment":"scroll","background-type":"","background-media":"","overlay-type":"","overlay-color":"","overlay-opacity":"","overlay-gradient":""},"tablet":{"background-color":"var(--ast-global-color-4)","background-image":"","background-repeat":"repeat","background-position":"center center","background-size":"auto","background-attachment":"scroll","background-type":"","background-media":"","overlay-type":"","overlay-color":"","overlay-opacity":"","overlay-gradient":""},"mobile":{"background-color":"var(--ast-global-color-4)","background-image":"","background-repeat":"repeat","background-position":"center center","background-size":"auto","background-attachment":"scroll","background-type":"","background-media":"","overlay-type":"","overlay-color":"","overlay-opacity":"","overlay-gradient":""}},"footnotes":""},"class_list":["post-26","page","type-page","status-publish","hentry"],"_links":{"self":[{"href":"https:\/\/nuevolabea.criba.edu.ar\/index.php?rest_route=\/wp\/v2\/pages\/26","targetHints":{"allow":["GET"]}}],"collection":[{"href":"https:\/\/nuevolabea.criba.edu.ar\/index.php?rest_route=\/wp\/v2\/pages"}],"about":[{"href":"https:\/\/nuevolabea.criba.edu.ar\/index.php?rest_route=\/wp\/v2\/types\/page"}],"author":[{"embeddable":true,"href":"https:\/\/nuevolabea.criba.edu.ar\/index.php?rest_route=\/wp\/v2\/users\/1"}],"replies":[{"embeddable":true,"href":"https:\/\/nuevolabea.criba.edu.ar\/index.php?rest_route=%2Fwp%2Fv2%2Fcomments&post=26"}],"version-history":[{"count":6,"href":"https:\/\/nuevolabea.criba.edu.ar\/index.php?rest_route=\/wp\/v2\/pages\/26\/revisions"}],"predecessor-version":[{"id":32,"href":"https:\/\/nuevolabea.criba.edu.ar\/index.php?rest_route=\/wp\/v2\/pages\/26\/revisions\/32"}],"wp:attachment":[{"href":"https:\/\/nuevolabea.criba.edu.ar\/index.php?rest_route=%2Fwp%2Fv2%2Fmedia&parent=26"}],"curies":[{"name":"wp","href":"https:\/\/api.w.org\/{rel}","templated":true}]}}